{"id":121361,"date":"2017-11-30T16:39:40","date_gmt":"2017-11-30T15:39:40","guid":{"rendered":"https:\/\/ns381463.ip-94-23-248.eu\/GroupeOne2016\/wordpress\/?page_id=121361"},"modified":"2022-12-21T15:44:07","modified_gmt":"2022-12-21T14:44:07","slug":"programme-seance-dinformation-a-lentrepreneuriat-durable","status":"publish","type":"page","link":"https:\/\/ns381463.ip-94-23-248.eu\/GroupeOne2016\/wordpress\/creer-son-entreprise\/programme-seance-dinformation-a-lentrepreneuriat-durable\/","title":{"rendered":"Programme : S\u00e9ance d&#8217;information \u00e0 l&#8217;entrepreneuriat durable"},"content":{"rendered":"<p>[et_pb_section fb_built=&#8221;1&#8243; fullwidth=&#8221;on&#8221; _builder_version=&#8221;3.0.89&#8243; global_module=&#8221;120274&#8243;][et_pb_fullwidth_menu menu_id=&#8221;2&#8243; submenu_direction=&#8221;downwards&#8221; fullwidth_menu=&#8221;on&#8221; active_link_color=&#8221;#adbb39&#8243; dropdown_menu_bg_color=&#8221;#ffffff&#8221; dropdown_menu_line_color=&#8221;#adbb39&#8243; dropdown_menu_text_color=&#8221;#003957&#8243; mobile_menu_bg_color=&#8221;#ffffff&#8221; mobile_menu_text_color=&#8221;#003957&#8243; module_id=&#8221;menu_full_custom&#8221; _builder_version=&#8221;3.0.89&#8243; menu_font=&#8221;|700|||||||&#8221; menu_text_color=&#8221;#003957&#8243; background_size=&#8221;initial&#8221; background_position=&#8221;top_left&#8221; background_repeat=&#8221;repeat&#8221; text_orientation=&#8221;right&#8221; background_color=&#8221;#ffffff&#8221;]<\/p>\n<p>\u00a0<\/p>\n<p>[\/et_pb_fullwidth_menu][\/et_pb_section][et_pb_section fb_built=&#8221;1&#8243; fullwidth=&#8221;on&#8221; _builder_version=&#8221;3.0.89&#8243; background_image=&#8221;https:\/\/ns381463.ip-94-23-248.eu\/GroupeOne2016\/wordpress\/wp-content\/uploads\/2017\/11\/PRE-CREATION-3BANNER-TITRE-1920&#215;400.jpg&#8221; background_size=&#8221;initial&#8221; custom_padding=&#8221;50px||50px|&#8221;][et_pb_fullwidth_header title=&#8221;S\u00e9ance d&#8217;information \u00e0 l&#8217;entrepreneuriat durable&#8221; text_orientation=&#8221;center&#8221; background_overlay_color=&#8221;rgba(0,57,87,0)&#8221; disabled_on=&#8221;off|off|off&#8221; _builder_version=&#8221;3.0.94&#8243; title_font=&#8221;Nunito|700||on|||||&#8221; title_text_align=&#8221;center&#8221; title_font_size=&#8221;36&#8243; title_text_color=&#8221;#ffffff&#8221; custom_margin=&#8221;|||&#8221; custom_padding=&#8221;|||&#8221;][\/et_pb_fullwidth_header][\/et_pb_section][et_pb_section fb_built=&#8221;1&#8243; _builder_version=&#8221;3.0.90&#8243; custom_padding=&#8221;76.1875px|0px|0px|0px&#8221;][et_pb_row _builder_version=&#8221;3.0.90&#8243;][et_pb_column type=&#8221;1_2&#8243; _builder_version=&#8221;3.0.90&#8243; parallax=&#8221;off&#8221; parallax_method=&#8221;on&#8221;][et_pb_text _builder_version=&#8221;3.0.83&#8243; text_font=&#8221;|300|||||||&#8221; header_font=&#8221;||||||||&#8221; header_2_font=&#8221;H3 Tisa OT Medium 24|500|||||||&#8221; header_2_font_size=&#8221;36px&#8221; custom_padding=&#8221;|||20px&#8221; custom_css_after=&#8221;content:url(%22https:\/\/ns381463.ip-94-23-248.eu\/GroupeOne2016\/wordpress\/wp-content\/uploads\/2017\/10\/TITLE-AFTER.png%22);||positiion:absolute;||margin-left:-40px;&#8221;]<\/p>\n<h2>S\u00e9ance d&#8217;information \u00e0<br \/>l&#8217;entrepreneuriat durable<\/h2>\n<p>[\/et_pb_text][et_pb_text _builder_version=&#8221;3.0.90&#8243; text_font=&#8221;|600|||||||&#8221; text_font_size=&#8221;22px&#8221; custom_margin=&#8221;|||30px&#8221;]<\/p>\n<p>1h30 pour d\u00e9couvrir l\u2019entrepreneuriat durable et les business mod\u00e8les innovants<\/p>\n<p>[\/et_pb_text][et_pb_text _builder_version=&#8221;3.0.90&#8243; text_font=&#8221;||||||||&#8221; text_font_size=&#8221;18px&#8221; custom_margin=&#8221;|||30px&#8221;]<\/p>\n<p>Vous \u00eates porteur d\u2019un projet entrepreneurial et vous souhaitez y int\u00e9grer une approche durable ?\u00a0La s\u00e9ance d\u2019information \u00e0 l\u2019entrepreneuriat durable vous apportera les cl\u00e9s d\u2019analyse, de r\u00e9flexion et d\u2019action pour construire votre projet !<\/p>\n<p>L\u2019objectif de cette s\u00e9ance d\u2019information est de vous pr\u00e9senter les associations possibles entre les notions de d\u00e9veloppement durable et celles de l\u2019entrepreneuriat.<\/p>\n<p>[\/et_pb_text][\/et_pb_column][et_pb_column type=&#8221;1_2&#8243; _builder_version=&#8221;3.0.90&#8243; parallax=&#8221;off&#8221; parallax_method=&#8221;on&#8221;][\/et_pb_column][\/et_pb_row][\/et_pb_section][et_pb_section fb_built=&#8221;1&#8243; _builder_version=&#8221;3.0.90&#8243; custom_padding=&#8221;0px|0px|76.1875px|0px&#8221;][et_pb_row _builder_version=&#8221;3.0.90&#8243; custom_css_main_element=&#8221;display: -webkit-box;||display: -ms-flexbox;||display: flex;||-webkit-box-align: center;||-ms-flex-align: center;||align-items: center;||-webkit-box-orient: horizontal;||-webkit-box-direction: normal;||-ms-flex-direction: row;||flex-direction: row;||-ms-flex-wrap: wrap;||flex-wrap: wrap;&#8221;][et_pb_column type=&#8221;1_2&#8243; _builder_version=&#8221;3.0.90&#8243; parallax=&#8221;off&#8221; parallax_method=&#8221;on&#8221;][et_pb_text _builder_version=&#8221;3.0.90&#8243; text_font=&#8221;||||||||&#8221; text_font_size=&#8221;18px&#8221; custom_margin=&#8221;|||30px&#8221;]<\/p>\n<p><strong>Au programme\u00a0:<\/strong><\/p>\n<ul>\n<li>Introduction \u00e0 la notion de d\u00e9veloppement durable<\/li>\n<li>D\u00e9veloppement durable et entrepreneuriat : l\u2019entrepreneuriat durable<\/li>\n<li>Notions d\u2019\u00e9conomie circulaire, pr\u00e9sentation de mod\u00e8les \u00e9conomiques durables<\/li>\n<li>Exemples inspirants<\/li>\n<li>Outils mis \u00e0 disposition par Groupe One \u00e0 destination des porteurs de projets en entrepreneuriat durable<\/li>\n<\/ul>\n<p>\u00a0<\/p>\n<p><strong>Dur\u00e9e : <\/strong>1h30<\/p>\n<p><strong>Fr\u00e9quence et lieu :<\/strong> 1 s\u00e9ance tous les 2 mois, dans les bureaux du Village Partenaire \u00e0 Saint-Gilles<\/p>\n<p><strong>Prochaines s\u00e9ances<\/strong>\u00a0: consultez notre <a href=\"..\/..\/agenda\/\" target=\"_blank\" rel=\"noopener noreferrer\" title=\"Agenda\">agenda<\/a><\/p>\n<p><strong>Pour plus d\u2019informations<\/strong>\u00a0: <a href=\"mailto:caroline.joris@groupeone.be\">caroline.joris@groupeone.be<\/a><\/p>\n<p>[\/et_pb_text][\/et_pb_column][et_pb_column type=&#8221;1_2&#8243; _builder_version=&#8221;3.0.90&#8243; parallax=&#8221;off&#8221; parallax_method=&#8221;on&#8221;][et_pb_image src=&#8221;https:\/\/ns381463.ip-94-23-248.eu\/GroupeOne2016\/wordpress\/wp-content\/uploads\/2017\/11\/SEANCE-INFO.jpg&#8221; align=&#8221;center&#8221; _builder_version=&#8221;3.0.90&#8243; border_radii=&#8221;on|30px|30px|30px|30px&#8221;][\/et_pb_image][\/et_pb_column][\/et_pb_row][\/et_pb_section][et_pb_section fb_built=&#8221;1&#8243; disabled_on=&#8221;off|off|off&#8221; custom_padding_last_edited=&#8221;on|phone&#8221; _builder_version=&#8221;3.0.84&#8243; background_image=&#8221;https:\/\/ns381463.ip-94-23-248.eu\/GroupeOne2016\/wordpress\/wp-content\/uploads\/2017\/10\/BG-NEWSLETTERS-2.png&#8221; custom_padding=&#8221;0px|0px|0px|0px&#8221; custom_padding_tablet=&#8221;|||0px&#8221; global_module=&#8221;119058&#8243; saved_tabs=&#8221;all&#8221;][et_pb_row _builder_version=&#8221;3.0.92&#8243; custom_css_main_element=&#8221;display: -webkit-box;||display: -ms-flexbox;||display: flex;||-webkit-box-align: center;||-ms-flex-align: center;||align-items: center;||-webkit-box-orient: horizontal;||-webkit-box-direction: normal;||-ms-flex-direction: row;||flex-direction: row;||-ms-flex-wrap: wrap;||flex-wrap: wrap;&#8221;][et_pb_column type=&#8221;2_3&#8243; _builder_version=&#8221;3.0.47&#8243; parallax=&#8221;off&#8221; parallax_method=&#8221;on&#8221;][et_pb_text _builder_version=&#8221;3.0.92&#8243; text_font=&#8221;||||||||&#8221; header_font=&#8221;||||||||&#8221; header_2_font=&#8221;||||||||&#8221; header_2_font_size=&#8221;30px&#8221; header_2_text_color=&#8221;#ffffff&#8221; header_2_line_height=&#8221;30px&#8221; module_alignment=&#8221;left&#8221; custom_margin=&#8221;|||100px&#8221; custom_css_before=&#8221;content:url(%22https:\/\/ns381463.ip-94-23-248.eu\/GroupeOne2016\/wordpress\/wp-content\/uploads\/2017\/12\/ARROW-TOP-INFOLETTRE-CADRE.png%22);||position:absolute;||bottom:95%;||left:3%;&#8221; locked=&#8221;off&#8221;]<\/p>\n<h2>Abonnez-vous \u00e0<br \/> la newsletter de l&#8217;entrepreneuriat durable<\/h2>\n<p>[\/et_pb_text][\/et_pb_column][et_pb_column type=&#8221;1_3&#8243; _builder_version=&#8221;3.0.47&#8243; parallax=&#8221;off&#8221; parallax_method=&#8221;on&#8221;][et_pb_code module_id=&#8221;dc_optin&#8221; _builder_version=&#8221;3.0.92&#8243; custom_margin=&#8221;-50px|200px||&#8221; locked=&#8221;off&#8221;][\/et_pb_code][\/et_pb_column][\/et_pb_row][\/et_pb_section]<\/p>\n","protected":false},"excerpt":{"rendered":"<p>\u00a0S\u00e9ance d&#8217;information \u00e0l&#8217;entrepreneuriat durable1h30 pour d\u00e9couvrir l\u2019entrepreneuriat durable et les business mod\u00e8les innovantsVous \u00eates porteur d\u2019un projet entrepreneurial et vous souhaitez y int\u00e9grer une approche durable ?\u00a0La s\u00e9ance d\u2019information \u00e0 [&hellip;]<\/p>\n","protected":false},"author":14,"featured_media":0,"parent":118835,"menu_order":0,"comment_status":"closed","ping_status":"closed","template":"","meta":{"_et_pb_use_builder":"on","_et_pb_old_content":"","_et_gb_content_width":""},"yoast_head":"<!-- This site is optimized with the Yoast SEO plugin v19.13 - https:\/\/yoast.com\/wordpress\/plugins\/seo\/ -->\n<title>Programme : S\u00e9ance d&#039;information \u00e0 l&#039;entrepreneuriat durable - Groupe One<\/title>\n<meta name=\"robots\" content=\"index, follow, max-snippet:-1, max-image-preview:large, max-video-preview:-1\" \/>\n<link rel=\"canonical\" href=\"https:\/\/ns381463.ip-94-23-248.eu\/GroupeOne2016\/wordpress\/creer-son-entreprise\/programme-seance-dinformation-a-lentrepreneuriat-durable\/\" \/>\n<meta property=\"og:locale\" content=\"fr_FR\" \/>\n<meta property=\"og:type\" content=\"article\" \/>\n<meta property=\"og:title\" content=\"Programme : S\u00e9ance d&#039;information \u00e0 l&#039;entrepreneuriat durable - Groupe One\" \/>\n<meta property=\"og:description\" content=\"\u00a0S\u00e9ance d&#039;information \u00e0l&#039;entrepreneuriat durable1h30 pour d\u00e9couvrir l\u2019entrepreneuriat durable et les business mod\u00e8les innovantsVous \u00eates porteur d\u2019un projet entrepreneurial et vous souhaitez y int\u00e9grer une approche durable ?\u00a0La s\u00e9ance d\u2019information \u00e0 [&hellip;]\" \/>\n<meta property=\"og:url\" content=\"https:\/\/ns381463.ip-94-23-248.eu\/GroupeOne2016\/wordpress\/creer-son-entreprise\/programme-seance-dinformation-a-lentrepreneuriat-durable\/\" \/>\n<meta property=\"og:site_name\" content=\"Groupe One\" \/>\n<meta property=\"article:modified_time\" content=\"2022-12-21T14:44:07+00:00\" \/>\n<meta name=\"twitter:card\" content=\"summary_large_image\" \/>\n<meta name=\"twitter:label1\" content=\"Dur\u00e9e de lecture estim\u00e9e\" \/>\n\t<meta name=\"twitter:data1\" content=\"4 minutes\" \/>\n<script type=\"application\/ld+json\" class=\"yoast-schema-graph\">{\"@context\":\"https:\/\/schema.org\",\"@graph\":[{\"@type\":\"WebPage\",\"@id\":\"https:\/\/ns381463.ip-94-23-248.eu\/GroupeOne2016\/wordpress\/creer-son-entreprise\/programme-seance-dinformation-a-lentrepreneuriat-durable\/\",\"url\":\"https:\/\/ns381463.ip-94-23-248.eu\/GroupeOne2016\/wordpress\/creer-son-entreprise\/programme-seance-dinformation-a-lentrepreneuriat-durable\/\",\"name\":\"Programme : S\u00e9ance d'information \u00e0 l'entrepreneuriat durable - Groupe One\",\"isPartOf\":{\"@id\":\"https:\/\/ns381463.ip-94-23-248.eu\/GroupeOne2016\/wordpress\/#website\"},\"datePublished\":\"2017-11-30T15:39:40+00:00\",\"dateModified\":\"2022-12-21T14:44:07+00:00\",\"breadcrumb\":{\"@id\":\"https:\/\/ns381463.ip-94-23-248.eu\/GroupeOne2016\/wordpress\/creer-son-entreprise\/programme-seance-dinformation-a-lentrepreneuriat-durable\/#breadcrumb\"},\"inLanguage\":\"fr-FR\",\"potentialAction\":[{\"@type\":\"ReadAction\",\"target\":[\"https:\/\/ns381463.ip-94-23-248.eu\/GroupeOne2016\/wordpress\/creer-son-entreprise\/programme-seance-dinformation-a-lentrepreneuriat-durable\/\"]}]},{\"@type\":\"BreadcrumbList\",\"@id\":\"https:\/\/ns381463.ip-94-23-248.eu\/GroupeOne2016\/wordpress\/creer-son-entreprise\/programme-seance-dinformation-a-lentrepreneuriat-durable\/#breadcrumb\",\"itemListElement\":[{\"@type\":\"ListItem\",\"position\":1,\"name\":\"Accueil\",\"item\":\"https:\/\/ns381463.ip-94-23-248.eu\/GroupeOne2016\/wordpress\/\"},{\"@type\":\"ListItem\",\"position\":2,\"name\":\"Cr\u00e9er son entreprise\",\"item\":\"https:\/\/ns381463.ip-94-23-248.eu\/GroupeOne2016\/wordpress\/creer-son-entreprise\/\"},{\"@type\":\"ListItem\",\"position\":3,\"name\":\"Programme : S\u00e9ance d&#8217;information \u00e0 l&#8217;entrepreneuriat durable\"}]},{\"@type\":\"WebSite\",\"@id\":\"https:\/\/ns381463.ip-94-23-248.eu\/GroupeOne2016\/wordpress\/#website\",\"url\":\"https:\/\/ns381463.ip-94-23-248.eu\/GroupeOne2016\/wordpress\/\",\"name\":\"Groupe One\",\"description\":\"Groupe One est une organisation belge qui facilite la transition vers une \u00e9conomie durable. Elle est active \u00e0 Bruxelles et en Wallonie.\",\"potentialAction\":[{\"@type\":\"SearchAction\",\"target\":{\"@type\":\"EntryPoint\",\"urlTemplate\":\"https:\/\/ns381463.ip-94-23-248.eu\/GroupeOne2016\/wordpress\/?s={search_term_string}\"},\"query-input\":\"required name=search_term_string\"}],\"inLanguage\":\"fr-FR\"}]}<\/script>\n<!-- \/ Yoast SEO plugin. -->","yoast_head_json":{"title":"Programme : S\u00e9ance d'information \u00e0 l'entrepreneuriat durable - Groupe One","robots":{"index":"index","follow":"follow","max-snippet":"max-snippet:-1","max-image-preview":"max-image-preview:large","max-video-preview":"max-video-preview:-1"},"canonical":"https:\/\/ns381463.ip-94-23-248.eu\/GroupeOne2016\/wordpress\/creer-son-entreprise\/programme-seance-dinformation-a-lentrepreneuriat-durable\/","og_locale":"fr_FR","og_type":"article","og_title":"Programme : S\u00e9ance d'information \u00e0 l'entrepreneuriat durable - Groupe One","og_description":"\u00a0S\u00e9ance d'information \u00e0l'entrepreneuriat durable1h30 pour d\u00e9couvrir l\u2019entrepreneuriat durable et les business mod\u00e8les innovantsVous \u00eates porteur d\u2019un projet entrepreneurial et vous souhaitez y int\u00e9grer une approche durable ?\u00a0La s\u00e9ance d\u2019information \u00e0 [&hellip;]","og_url":"https:\/\/ns381463.ip-94-23-248.eu\/GroupeOne2016\/wordpress\/creer-son-entreprise\/programme-seance-dinformation-a-lentrepreneuriat-durable\/","og_site_name":"Groupe One","article_modified_time":"2022-12-21T14:44:07+00:00","twitter_card":"summary_large_image","twitter_misc":{"Dur\u00e9e de lecture estim\u00e9e":"4 minutes"},"schema":{"@context":"https:\/\/schema.org","@graph":[{"@type":"WebPage","@id":"https:\/\/ns381463.ip-94-23-248.eu\/GroupeOne2016\/wordpress\/creer-son-entreprise\/programme-seance-dinformation-a-lentrepreneuriat-durable\/","url":"https:\/\/ns381463.ip-94-23-248.eu\/GroupeOne2016\/wordpress\/creer-son-entreprise\/programme-seance-dinformation-a-lentrepreneuriat-durable\/","name":"Programme : S\u00e9ance d'information \u00e0 l'entrepreneuriat durable - Groupe One","isPartOf":{"@id":"https:\/\/ns381463.ip-94-23-248.eu\/GroupeOne2016\/wordpress\/#website"},"datePublished":"2017-11-30T15:39:40+00:00","dateModified":"2022-12-21T14:44:07+00:00","breadcrumb":{"@id":"https:\/\/ns381463.ip-94-23-248.eu\/GroupeOne2016\/wordpress\/creer-son-entreprise\/programme-seance-dinformation-a-lentrepreneuriat-durable\/#breadcrumb"},"inLanguage":"fr-FR","potentialAction":[{"@type":"ReadAction","target":["https:\/\/ns381463.ip-94-23-248.eu\/GroupeOne2016\/wordpress\/creer-son-entreprise\/programme-seance-dinformation-a-lentrepreneuriat-durable\/"]}]},{"@type":"BreadcrumbList","@id":"https:\/\/ns381463.ip-94-23-248.eu\/GroupeOne2016\/wordpress\/creer-son-entreprise\/programme-seance-dinformation-a-lentrepreneuriat-durable\/#breadcrumb","itemListElement":[{"@type":"ListItem","position":1,"name":"Accueil","item":"https:\/\/ns381463.ip-94-23-248.eu\/GroupeOne2016\/wordpress\/"},{"@type":"ListItem","position":2,"name":"Cr\u00e9er son entreprise","item":"https:\/\/ns381463.ip-94-23-248.eu\/GroupeOne2016\/wordpress\/creer-son-entreprise\/"},{"@type":"ListItem","position":3,"name":"Programme : S\u00e9ance d&#8217;information \u00e0 l&#8217;entrepreneuriat durable"}]},{"@type":"WebSite","@id":"https:\/\/ns381463.ip-94-23-248.eu\/GroupeOne2016\/wordpress\/#website","url":"https:\/\/ns381463.ip-94-23-248.eu\/GroupeOne2016\/wordpress\/","name":"Groupe One","description":"Groupe One est une organisation belge qui facilite la transition vers une \u00e9conomie durable. Elle est active \u00e0 Bruxelles et en Wallonie.","potentialAction":[{"@type":"SearchAction","target":{"@type":"EntryPoint","urlTemplate":"https:\/\/ns381463.ip-94-23-248.eu\/GroupeOne2016\/wordpress\/?s={search_term_string}"},"query-input":"required name=search_term_string"}],"inLanguage":"fr-FR"}]}},"_links":{"self":[{"href":"https:\/\/ns381463.ip-94-23-248.eu\/GroupeOne2016\/wordpress\/wp-json\/wp\/v2\/pages\/121361"}],"collection":[{"href":"https:\/\/ns381463.ip-94-23-248.eu\/GroupeOne2016\/wordpress\/wp-json\/wp\/v2\/pages"}],"about":[{"href":"https:\/\/ns381463.ip-94-23-248.eu\/GroupeOne2016\/wordpress\/wp-json\/wp\/v2\/types\/page"}],"author":[{"embeddable":true,"href":"https:\/\/ns381463.ip-94-23-248.eu\/GroupeOne2016\/wordpress\/wp-json\/wp\/v2\/users\/14"}],"replies":[{"embeddable":true,"href":"https:\/\/ns381463.ip-94-23-248.eu\/GroupeOne2016\/wordpress\/wp-json\/wp\/v2\/comments?post=121361"}],"version-history":[{"count":11,"href":"https:\/\/ns381463.ip-94-23-248.eu\/GroupeOne2016\/wordpress\/wp-json\/wp\/v2\/pages\/121361\/revisions"}],"predecessor-version":[{"id":124771,"href":"https:\/\/ns381463.ip-94-23-248.eu\/GroupeOne2016\/wordpress\/wp-json\/wp\/v2\/pages\/121361\/revisions\/124771"}],"up":[{"embeddable":true,"href":"https:\/\/ns381463.ip-94-23-248.eu\/GroupeOne2016\/wordpress\/wp-json\/wp\/v2\/pages\/118835"}],"wp:attachment":[{"href":"https:\/\/ns381463.ip-94-23-248.eu\/GroupeOne2016\/wordpress\/wp-json\/wp\/v2\/media?parent=121361"}],"curies":[{"name":"wp","href":"https:\/\/api.w.org\/{rel}","templated":true}]}}